-a03e (base 15) to base 14
-c46d
202 (base 6) to base 15
4e
Convert 1333030 (base 4) to base 5.
230030
Convert -525 (base 8) to base 15.
-17b
Convert 10224 (base 6) to base 3.
1220021
What is -152522 (base 6) in base 8?
-35042
What is 532 (base 7) in base 8?
414
-4d7 (base 16) to base 2
-10011010111
What is -2054 (base 13) in base 11?
-3398
5a1 (base 12) to base 14
441
-14642 (base 7) to base 8
-10001
What is -116560 (base 7) in base 11?
-15214
What is 1000120 (base 3) in base 6?
3240
What is 10613 (base 8) in base 4?
1012023
What is -34820 (base 11) in base 4?
-30100331
-978 (base 13) to base 10
-1620
Convert -51 (base 14) to base 4.
-1013
Convert -4050 (base 7) to base 13.
-843
What is -2161 (base 9) in base 8?
-3072
What is -2043 (base 8) in base 13?
-636
Convert -16033 (base 7) to base 14.
-18c3
Convert -2588 (base 13) to base 6.
-40435
Convert 1643 (base 8) to base 11.
777
Convert -241 (base 5) to base 7.
-131
Convert -1560 (base 7) to base 14.
-330
Convert 101200001 (base 4) to base 3.
10122022212
Convert 533 (base 12) to base 5.
11014
What is -12333 (base 5) in base 9?
-1285
Convert -140434 (base 5) to base 7.
-22514
What is 3200 (base 8) in base 9?
2248
Convert 15024 (base 8) to base 5.
203201
-21112 (base 4) to base 2
-1001010110
Convert 13a3 (base 13) to base 11.
214a
25322 (base 6) to base 4
323102
What is -1062 (base 10) in base 9?
-1410
Convert -181a5 (base 12) to base 14.
-c99b
11000010011001 (base 2) to base 4
3002121
What is -10203 (base 6) in base 13?
-816
Convert 47943 (base 11) to base 7.
405134
What is -1266 (base 8) in base 4?
-22312
What is 324224 (base 5) in base 16?
2bb5
12ac (base 13) to base 15
bd7
Convert 5130 (base 7) to base 16.
6f9
What is -1835 (base 9) in base 5?
-21114
5068 (base 9) to base 4
321323
What is 160b (base 13) in base 11?
246a
-8b36 (base 12) to base 13
-7056
-11111011001101 (base 2) to base 10
-16077
Convert 1ad (base 16) to base 10.
429
What is -115235 (base 7) in base 3?
-1001212112
Convert -5445 (base 11) to base 7.
-26646
Convert -1221001 (base 3) to base 13.
-841
-44a3 (base 12) to base 4
-1312323
Convert -1410132 (base 5) to base 8.
-70170
Convert -3165 (base 12) to base 5.
-133110
Convert -2211120 (base 3) to base 6.
-13323
What is -4233 (base 6) in base 9?
-1273
What is 22112 (base 5) in base 10?
1532
What is -153450 (base 7) in base 12?
-154a0
What is -13024 (base 5) in base 2?
-1111110110
Convert -3216 (base 7) to base 4.
-101310
-849 (base 13) to base 12
-999
Convert 73bc (base 16) to base 5.
1422003
What is 4345 (base 6) in base 3?
1101002
Convert -111110110010100 (base 2) to base 6.
-404500
What is 10433 (base 11) in base 7?
62126
325 (base 10) to base 14
193
What is 76b2 (base 16) in base 6?
352402
-465f (base 16) to base 4
-10121133
What is 21211002 (base 3) in base 14?
2111
Convert -110 (base 12) to base 7.
-312
Convert 2022120 (base 3) to base 7.
4632
925 (base 11) to base 5
13431
-2ca0 (base 15) to base 11
-7238
Convert -314 (base 8) to base 3.
-21120
What is 11002112 (base 3) in base 16?
ba8
What is -12060 (base 14) in base 12?
-21558
Convert 3519 (base 10) to base 4.
312333
What is -1113022 (base 4) in base 10?
-5578
-215623 (base 7) to base 16
-9499
What is 4868 (base 10) in base 15?
1698
What is a173 (base 12) in base 10?
17511
Convert 737 (base 13) to base 5.
14404
-125030 (base 6) to base 3
-120201200
416 (base 9) to base 14
1a3
Convert -1011000001 (base 2) to base 14.
-385
481a (base 12) to base 11
6091
-409 (base 10) to base 16
-199
What is 1101122101 (base 3) in base 4?
12230302
133500 (base 6) to base 16
30cc
Convert -1366 (base 11) to base 15.
-7cb
What is -de (base 15) in base 3?
-21202
What is -4522 (base 9) in base 15?
-ecb
What is 22020 (base 3) in base 6?
1010
What is 63540 (base 7) in base 12?
9110
-455 (base 16) to base 12
-785
What is -11437 (base 8) in base 14?
-1ad9
What is -13726 (base 11) in base 10?
-19509
Convert -712 (base 11) to base 14.
-456
-14411 (base 8) to base 14
-249b
Convert -558 (base 9) to base 13.
-293
What is a984 (base 15) in base 4?
20300323
What is -1001100001100110 (base 2) in base 10?
-39014
Convert 366d (base 15) to base 11.
8776
-5d7 (base 16) to base 5
-21440
-3b (base 15) to base 6
-132
What is 241 (base 5) in base 10?
71
What is 1001001001 (base 2) in base 12?
409
21233 (base 4) to base 10
623
Convert -67a (base 14) to base 8.
-2404
-1267c (base 13) to base 2
-1000010100011000
-115122 (base 6) to base 8
-23732
What is 1a3 (base 11) in base 14?
12a
46d4 (base 14) to base 11
92a7
18b51 (base 14) to base 8
172203
20322 (base 4) to base 14
2ca
Convert 382 (base 11) to base 2.
111000101
Convert -2100122011 (base 3) to base 4.
-23110312
What is 1010111011110101 (base 2) in base 9?
67385
-835 (base 10) to base 9
-1127
Convert -225 (base 9) to base 13.
-113
Convert -29 (base 15) to base 7.
-54
2896 (base 10) to base 3
10222021
Convert -1022111222 (base 3) to base 9.
-38458
Convert -1a1 (base 15) to base 3.
-111221
-da25 (base 14) to base 3
-1220200000
Convert -1815 (base 9) to base 15.
-62b
22230331 (base 4) to base 11
2aa32
Convert 201 (base 15) to base 6.
2031
Convert 16872 (base 12) to base 7.
163202
-1045112 (base 6) to base 3
-2200122122
995 (base 14) to base 13
b2a
-1040403 (base 5) to base 9
-27003
Convert -2eef (base 16) to base 13.
-5613
Convert 2be8 (base 16) to base 13.
5168
-2597 (base 13) to base 3
-21100122
Convert -3304114 (base 5) to base 9.
-85803
What is 2411 (base 6) in base 13?
35b
What is -3333 (base 13) in base 6?
-53020
What is 5a3 (base 11) in base 14?
394
What is -1b0 (base 13) in base 10?
-312
What is -10801 (base 10) in base 6?
-122001
What is -acc (base 14) in base 15?
-97a
What is 110101101101 (base 2) in base 10?
3437
What is 34213 (base 10) in base 12?
17971
What is -342 (base 8) in base 6?
-1014
What is 284a (base 12) in base 11?
3562
Convert -2b9 (base 14) to base 6.
-2323
What is 16b7 (base 16) in base 8?
13267
What is -100110001101 (base 2) in base 15?
-ad0
What is 1493 (base 11) in base 2?
11101111101
What is 33031 (base 4) in base 8?
1715
794 (base 14) to base 9
2048
What is 13042 (base 5) in base 14?
530
Convert 58 (base 12) to base 5.
233
-1101110111011 (base 2) to base 14
-2831
Convert -665 (base 16) to base 14.
-84d
200202121 (base 3) to base 7
54610
Convert -475 (base 16) to base 12.
-7b1
Convert -211222 (base 5) to base 16.
-1b96
Convert 110644 (base 7) to base 6.
230234
21030 (base 4) to base 7
1500
What is -4135 (base 7) in base 12?
-a07
-c22 (base 13) to base 9
-2734
Convert -22002101 (base 3) to base 12.
-34b4
11101 (base 4) to base 5
2322
12220 (base 7) to base 13
15c1
What is 4410 (base 5) in base 8?
1135
Convert -1845 (base 9) to base 15.
-648
Convert 47d (base 15) to base 2.
1111111010
What is 27638 (base 9) in base 14?
6b90
What is 110011001 (base 2) in base 12?
2a1
-12330 (base 4) to base 12
-310
Convert 2701 (base 10) to base 2.
101010001101
What is 200324 (base 6) in base 2?
11110100111100
Convert -2232220 (base 4) to base 6.
-123424
123634 (base 7) to base 9
34437
Convert -254 (base 13) to base 9.
-502
What is -75e (base 16) in base 4?
-131132
-175 (base 12) to base 8
-351
What is -1000 (base 7) in base 12?
-247
What is 52114 (base 7) in base 15?
3ba1
7566 (base 10) to base 3
101101020
348 (base 9) to base 14
167
What is 320403 (base 5) in base 7?
43164
Convert -100001101111000 (base 2) to base 4.
-10031320
-202 (base 6) to base 10
-74
What is -330251 (base 6) in base 16?
-6ab7
What is -6a1 (base 16) in base 3?
-2022212
-32203 (base 4) to base 10
-931
-236631 (base 7) to base 14
-11a51
100212 (base 5) to base 16
c6e
What is -8a (base 13) in base 15?
-79
What is -429 (base 15) in base 3?
-1021210
Convert -3311 (base 4) to base 8.
-365
Convert 2114343 (base 5) to base 16.
8b0e
What is -462 (base 7) in base 4?
-3300
What is 220330 (base 4) in base 13?
1267
What is 124040 (base 6) in base 14?
4160
Convert 1510 (base 8) to base 5.
11330
What is -1194b (base 12) in base 16?
-5d0b
Convert -300205 (base 6) to base 2.
-101101101101101
-a0 (base 14) to base 15
-95
Convert -20121111 (base 3) to base 10.
-4819
-2036 (base 14) to base 5
-134121
Convert 832 (base 10) to base 5.
11312
Convert -3202 (base 5) to base 7.
-1150
What is 210 (base 13) in base 4?
11133
-34112 (base 5) to base 16
-967
W